2 = a*d - 226. Suppose -5*z + 125 = -0*z + 5*f, -5*z = -f - d. What are the prime factors of z?
2, 11
Suppose -3*o = o + 3*o. Suppose 65 = i - o*i. What are the prime factors of i?
5, 13
Let i = -54 - -89. Suppose 358 = 5*q + 3*o, -2*q = -4*o - 129 - i. List the prime factors of q.
2, 37
Let j(r) = r**2 + r - 3. Let f = 4 + -6. Let a be (f - 0) + -1 + 0. List the prime factors of j(a).
3
Let g be (-1874 + -1)*(-9)/27. Suppose 27*o + g = 32*o. List the prime factors of o.
5
Let u = -1074 + 2793. What are the prime factors of u?
3, 191
Let u(v) be the first derivative of 4*v**2 + 4*v**2 - 8*v - 21 - 2*v**2 + 25. What are the prime factors of u(4)?
2, 5
Suppose 0 = 4*s - 7*s + 2412. List the prime factors of s.
2, 3, 67
Let z = 809 + -281. List the prime factors of z.
2, 3, 11
Suppose 0 = -4*c, -c - 38 = -r + 20. Suppose -3*i - r = 23. What are the prime factors of (342/i)/((-4)/6)?
19
Suppose a + 4 = -4*k + 2*k, -1 = -2*a - k. Suppose o = a*d - o - 224, -5*d + 4*o + 559 = 0. What are the prime factors of d?
3, 37
Let v(g) = 23*g - 18. Let p be v(-7). Let o = -131 - p. What are the prime factors of o?
2, 3
Let r be -8 + -1 - (-1)/(1/2). Let w(u) = -u**3 - 4*u**2 + 10*u + 4. What are the prime factors of w(r)?
3
Let x(c) = c. Let g(i) = -2*i + 7. Let w(n) = g(n) + 3*x(n). Let u be w(-5). Suppose u*v = -0*v + 44. What are the prime factors of v?
2, 11
Let x(y) = -y + 7. Let b be x(10). Let w be 1 - (-2 + -126) - b. What are the prime factors of (-9)/(-15) - w/(-5)?
3
Suppose -14*z + 583 + 2273 = 0. What are the prime factors of z?
2, 3, 17
Let q = -127 - -219. Let f = 108 - q. List the prime factors of f.
2
Let x(a) be the first derivative of -2*a**2 + 17*a + 16. What are the prime factors of x(-12)?
5, 13
Let u = -170 - -116. List the prime factors of 1*u*(-3)/6.
3
Let o(s) = 6*s**3 - 7*s**2 + 16*s - 1. What are the prime factors of o(3)?
2, 73
Suppose 12 = 3*h - 0. Suppose 0*l - 288 = -h*l - 4*s, -l - 3*s = -74. What are the prime factors of l?
71
Suppose -4*t + h + 229 + 158 = 0, 4*h = 4*t - 384. Let d = t + -26. What are the prime factors of d?
71
Let f(l) = l**2 - 6*l - 5. Let i be f(6). Let q = 0 - i. Suppose q*b + 5*h = 30, -b - 26 = -4*b + h. What are the prime factors of b?
2
What are the prime factors of (-2 - 14/(-6)) + (-12390)/(-90)?
2, 3, 23
Let k = -1010 - -1427. List the prime factors of k.
3, 139
List the prime factors of 471*(-2 - 20*(-5)/30).
2, 157
Let o(s) = 121*s**3 - s**2 - s + 2. Let m be o(1). Suppose -p + m = x, 4*x - 4*p + 127 - 627 = 0. List the prime factors of x.
3, 41
Let x be -36*(1 + 0)/(-1). Suppose -x*f - 740 = -41*f. What are the prime factors of f?
2, 37
Let x be (-2)/(-12) - (-371)/42. Let g be 1/3 - (-33)/x. List the prime factors of (1 - 4)*g/(-6).
2
Let t be 2/5 + (-1004)/20*-3. Suppose -t*x + 155*x = 376. What are the prime factors of x?
2, 47
Let w(u) = -2*u + 12. Suppose 3*i - 99 = 27. Suppose 0 = 5*v - 3*d + i, 0 = -3*v - 5*d + d - 2. What are the prime factors of w(v)?
2, 3
Let q(y) be the second derivative of -y**4/12 - 8*y**3/3 - 6*y**2 + 10*y. List the prime factors of q(-7).
3, 17
Let a(y) = -429*y**3 + 2*y**2 - 13*y + 11. Let g(s) = 214*s**3 - s**2 + 6*s - 5. Let p(d) = 2*a(d) + 5*g(d). List the prime factors of p(1).
2, 53
Suppose 9*f + 29036 = 37*f. List the prime factors of f.
17, 61
Let g(h) = h**3 - 10*h**2 + 5*h + 38. Let q be g(9). Suppose -k = -q*j + 371, -4*k = -5*j - 6*k + 905. What are the prime factors of j?
3, 61
Suppose -3*q + 2 - 5 = 0. Let x be (-4 + 3 + -2)*q. List the prime factors of 3/((18/44)/x).
2, 11
Suppose -620*i - 19151 = -631*i. What are the prime factors of i?
1741
List the prime factors of (430/(-4))/(141/(-1410)).
5, 43
Suppose 12204 = -6*k + 15*k. What are the prime factors of k?
2, 3, 113
Let u(a) = -a**2 + 13*a + 2. Suppose -2*o + 13 + 13 = 0. Let n be u(o). Suppose 4*b + 2*f = 80, -n*b = -6*b - 3*f + 76. What are the prime factors of b?
2, 11
Let g(h) be the first derivative of h**4/12 + h**3 + 2*h**2 - h + 6. Let v(n) be the first derivative of g(n). List the prime factors of v(-9).
31
Let n be 0*1/(-2) - -2. Suppose -s + 64 = -0*b - n*b, 4*b + 58 = s. What are the prime factors of s?
2, 5, 7
Suppose 4*k + 23 = -5*d + 76, 0 = k + 3. Suppose -7*a - 240 = -d*a. What are the prime factors of a?
2, 5
Let r(u) = -u**3 + 6*u**2 - u - 6. Let j be r(6). Let i be -1*((-1598)/(-2) + 1). What are the prime factors of i/(-12) - j/9?
2, 17
Let w = -67 + 75. List the prime factors of ((w/(-1))/4)/((-4)/106).
53
Let o(r) = 2*r**2 - 22*r - 70. What are the prime factors of o(19)?
2, 3, 13
Suppose 105 = -7*c + 2*c. Let p = -19 - c. Suppose 0 = 3*l - 2*z - 127, -205 = -l - 4*l + p*z. List the prime factors of l.
3, 13
Let q(w) = -w**2 - 6*w - 2. Let t be q(-5). Suppose t*n - 6*n + 204 = 0. List the prime factors of n.
2, 17
Let s be 268 + 8/(-1)*1/(-2). Suppose 3*j = -x + 140, -4*x + 2*x + s = 4*j. List the prime factors of x.
2
Suppose -x = 3*x + h - 701, -2*x + 353 = 3*h. Let f = x - 82. List the prime factors of f.
3, 31
Let d(y) = 0 - 6*y - 921*y**3 - 7*y**2 + 922*y**3 - 8. List the prime factors of d(9).
2, 5
Let w(f) = -19*f - 2*f**2 - 6 + f**2 - 4 + 0. List the prime factors of w(-18).
2
What are the prime factors of 14976/15*(-70)/(-21)?
2, 13
Suppose o + 2093 = 3*q, 2*q + 2*o + 99 - 1481 = 0. List the prime factors of q.
2, 3, 29
Let n(k) = 39 - 75 + k**2 + 33 + 5*k. List the prime factors of n(-11).
3, 7
Suppose -x - 7*x = -640. Suppose u = 2*i + 2*u - 62, 5*u = 3*i - x. List the prime factors of i.
2, 3, 5
Let q = -46 + 47. What are the prime factors of 6/6 + -2 + q - -130?
2, 5, 13
Suppose -3*y + 52 = -m, -92 = -5*y + m - 2*m. Let j = y - 33. Let s = 20 + j. List the prime factors of s.
5
List the prime factors of 6458/16 + 4 - 3/(-8).
2, 3, 17
What are the prime factors of 11275/(-110)*(1 + -3*1)?
5, 41
Let k(g) = g**3 - 4*g**2 - 3*g - 1. Let l be k(5). Suppose -3*p = 4*r - 53, -4*p + 5 = -l*p. List the prime factors of r.
2, 7
Suppose -117 = -3*d + 123. Let i = d - 26. Suppose 19*a = 21*a - i. List the prime factors of a.
3
Let v(y) = 2*y - 5. Let r be v(-6). Let a = r + 18. Let s = a - -23. What are the prime factors of s?
2, 3
Let d(w) = -w**3 + 5*w**2 + 3*w + 2. Let f(t) = -3*t + 23. Let l be f(6). List the prime factors of d(l).
17
Let m(w) = -6*w + 14. Let g be -20*(-1)/5*-2. List the prime factors of m(g).
2, 31
Suppose 20*k - 25*k - 15 = 0. Let f be (-4 + 2 + -1)/k. What are the prime factors of (-1)/f*(-27)/1?
3
Let w = 1727 + -1677. List the prime factors of w.
2, 5
Suppose 0*h + h = -3. Let x = h - 2. List the prime factors of (6/(-5))/(2/x).
3
Let q = -7 + 13. Suppose 3*o - q = -0*o. Suppose o*s - 4 = s. List the prime factors of s.
2
Suppose 29*z - 28734 = 79262. What are the prime factors of z?
2, 7, 19
Let r(g) = -6*g - 23. Let c(p) = -10*p**2. Let s = -9 + 8. Let w be c(s). What are the prime factors of r(w)?
37
Let s(r) = 5*r**2 - 4*r + 74. List the prime factors of s(-19).
5, 17, 23
Suppose 4*m - 12978 = 3*b, -1413 = -m - 3*b + 1824. What are the prime factors of m?
3, 23, 47
Suppose -5*m = -5*p + 80, -4*m - 4*p + 1 = -5*m. Let n(y) = -6*y + 3. What are the prime factors of n(m)?
3, 43
Let t(v) = 45*v**2 + 11*v + 5. What are the prime factors of t(-2)?
163
Let d(o) = 104*o + 47. List the prime factors of d(7).
5, 31
Let b(l) = l**2 + 2*l + 5. Let d(p) = -p**2 - 5*p - 1. Let v be d(-4). Suppose 15 - v = -2*g. List the prime factors of b(g).
29
Let t(b) be the first derivative of 10*b - 8 + 7*b**2 - 12*b + b. What are the prime factors of t(2)?
3
Suppose 4*j + 24 = 3*t - 21, -2*j + t - 21 = 0. Let n(k) = -2*k**3 - 14*k**2 - 10*k - 6. Let s be n(j). List the prime factors of (-2)/3 + s/18.
2, 11
Let d be (-40)/(-140) - (1 - (-495)/(-7)). Suppose b = -4*t + d, 4*t + 128 + 52 = 4*b. List the prime factors of b.
2, 5
Suppose 4*o + 14 = -c - 0*o, -c + 3*o = -14. Suppose 4*u + 3*w + c*w = 598, 3*w = 3*u - 462. List the prime factors of u.
2, 19
Suppose 5*g + 3*m = -0*m + 697, -2*g + 2*m = -266. Let c = g - 129. What are the prime factors of c?
2
Suppose 0 = -4*a - 16, 77 + 93 = 3*b + a. Suppose 2*l - 37 = 3*i, -5*i + 0*i - b = -3*l. Let p = 19 - l. What are the prime factors of p?
2
Let l = 4277 - 2396. List the prime factors of l.
3, 11, 19
Let z(c) = -